**2/2 - 14*m. List the prime factors of s(-3).
107
Let a(f) = 131*f - 89. What are the prime factors of a(5)?
2, 283
List the prime factors of -7 - 150/(-24) - 5182/(-8).
647
Let m(b) = -b**2 - b - 2. Let k be m(3). Let w = k - -17. Suppose w*c + 2*c = t + 3, 2*c - 66 = -5*t. What are the prime factors of t?
2, 3
Let z be (4/(-10))/((-6)/(-360)). What are the prime factors of z/30 + 318/10?
31
Let v(j) = -3*j**3 - 6*j**2. Let g be v(-4). Suppose g = -13*l + 15*l. What are the prime factors of l?
2, 3
Let r = 111 - 106. Suppose -5*y + 2*y = 3*k - 126, r*k + 2*y - 216 = 0. What are the prime factors of k?
2, 11
Let u be 12*(2 - 20/8). Let i(q) = -2*q**3 - 10*q**2 - 14. Let n(s) = -s**3 - 5*s**2 - 7. Let b(r) = u*i(r) + 13*n(r). List the prime factors of b(-6).
29
Suppose 0 = -15*i + 13*i - 68. Let b = 61 + i. What are the prime factors of b?
3
Let n be ((-3)/6)/(1*(-3)/372). Suppose -3*v = w - 91, -2*v + n = -3*w + 5*w. List the prime factors of v.
2, 3, 5
Suppose 3*n - 4*n = 1, 4*n + 14 = -5*z. What are the prime factors of ((-89)/2)/(1/z)?
89
Let c(s) = 2*s**2 + 12*s - 11. Let j be c(-7). Let w be 0/(-3) - (-7 + 1). Suppose w + j = i. List the prime factors of i.
3
Let z = -328 - -441. What are the prime factors of z?
113
Let j be 2 + 2 + 275/(-11). What are the prime factors of 72/(-42)*j/2?
2, 3
Let u(s) = 665*s - 11. What are the prime factors of u(3)?
2, 31
Let j = 8 - 17. Let d(l) = -l**2 - 9*l + 5. Let y be d(j). Suppose 3*n = 4*i + 49, 21 + 10 = n - y*i. What are the prime factors of n?
11
Suppose -47*v - 18835 + 59960 = 0. List the prime factors of v.
5, 7
Let r be (-171)/6 + (-3)/(-6). List the prime factors of ((-123)/(-12))/((-7)/r).
41
Let c(f) = f**3 - 5*f**2 + 4. Let m(d) = 2*d**2 - 4*d. Let w be m(3). Let t be c(w). Suppose 2*h - 4*h = -t. What are the prime factors of h?
2, 5
Suppose 0 = -13*l + 12*l + 413. What are the prime factors of l?
7, 59
Let d = 1 + 1. Suppose -3*p - 29 = -2*l + 36, -66 = -d*l + 2*p. Suppose -g - l = -3*g. List the prime factors of g.
17
Let o(b) = -b - 10. Let q = -30 + 18. Let x be o(q). Suppose -x*m = -7*m - 3*p + 129, 4*m = -3*p + 105. List the prime factors of m.
2, 3
What are the prime factors of (-35 - -45)/(4/550)?
5, 11
Let q be 16/6 - 22/33. Suppose -15 = q*u - 5*u. Let j(k) = -k**3 + 6*k**2 + 7*k. What are the prime factors of j(u)?
2, 3, 5
Let r be 38*(1 - (3 + -1)). Let c = 18 + r. List the prime factors of (-48)/c*(14 + 1).
2, 3
Suppose -6*w = -4126 - 296. List the prime factors of w.
11, 67
Let w(a) = 2*a - 2 + 7*a**2 - 2*a + a**3 + 3*a. Let o = 26 + -32. What are the prime factors of w(o)?
2
Let i = 4 + -1. Let w = 273 + -154. Suppose -i*v = -4*y - 65, 0*v + 5*v = 4*y + w. What are the prime factors of v?
3
Let c(f) = 16*f**2 - f - 2. Suppose 5*n - 10 = -5*x, x + 3*n - 2 = 10. Let l = -4 - x. List the prime factors of c(l).
3, 5
Let y(c) = -c**3 - 9*c**2 - 20*c + 9. What are the prime factors of y(-10)?
3, 103
Suppose -2*z + 59 = -9*j + 4*j, -2*z + 65 = j. Suppose -p + 162 = 4*i, -i + z = -0*i - 4*p. Suppose 0 = -2*g + i - 0. List the prime factors of g.
2, 5
Let f(b) be the second derivative of 46*b**4/3 + 11*b**3/6 + 5*b. Let j(v) = 37*v**2 + 2*v. Let n(l) = -2*f(l) + 11*j(l). List the prime factors of n(-1).
3, 13
Let p(j) = -19*j**3 - 5*j**2 - j + 1. List the prime factors of p(-2).
3, 5
Suppose -j + 5 = 4*j. Let d(u) = -14*u - u - j + 0*u + 2*u. List the prime factors of d(-4).
3, 17
Suppose 4*y = 8*y - 64. Suppose 33 = v - y. List the prime factors of v.
7
List the prime factors of 1/(-3) + (-6556)/(-12).
2, 3, 7, 13
Suppose -65 = -10*w + 65. Suppose w*g - 3267 = -745. List the prime factors of g.
2, 97
Let m(z) = -3*z - 3. Let a be m(-3). Suppose 2*x - 13 - 3 = 0. List the prime factors of x - 3/6*a.
5
Suppose 0 = 5*o - 15, -5*z + 171*o - 173*o = -25461. List the prime factors of z.
3, 1697
What are the prime factors of ((-177)/(-2))/((-1)/(-2)) + 0?
3, 59
Let x be (-43)/5 - 10/25. Let a = -120 - -75. Let q = x - a. List the prime factors of q.
2, 3
Let k = -446 - -831. What are the prime factors of k?
5, 7, 11
Let j = 1745 + -841. What are the prime factors of j?
2, 113
Let w be (-7)/(((-1)/(-24))/(-10 + 11)). Let m = -15 - w. What are the prime factors of m?
3, 17
Let g(i) = -i**2 - 21*i - 13. Suppose 0*l - 15 = 4*o + 5*l, -l = -o - 15. List the prime factors of g(o).
97
Let m(f) = -7 + 1 - f + 11 - f. Let w be m(-9). Let u = w + 3. List the prime factors of u.
2, 13
Suppose 0 = -2*p + 3*j - 12, 8 = 5*p + 2*j - 0*j. Suppose 7*g = -p*g + 714. What are the prime factors of g?
2, 3, 17
Suppose 0 = -5*g + x + 15, -2*g + 0 + 23 = 3*x. Suppose 3*z + z - 4*v - 224 = 0, 0 = -g*z - v + 229. List the prime factors of z.
3, 19
Let t be (-6)/8 + (-50545)/(-44). What are the prime factors of t/42*(-18)/(-4)?
3, 41
Let v be ((-2)/6)/(-6 - -7)*-3. Let x = v + 61. What are the prime factors of x?
2, 31
Suppose -6870 - 53114 = -16*r. List the prime factors of r.
23, 163
Suppose w = -3*q + 81, -4*w + w = -q - 223. List the prime factors of w.
3, 5
Suppose t + 5 - 2 = 0. Let a = t - 3. List the prime factors of 2/a + (-64)/(-12).
5
Suppose -10*m - 28 - 222 = 0. List the prime factors of (-4)/10 - 3060/m.
2, 61
Let f(c) = -4*c**2 - 98*c - 2. What are the prime factors of f(-22)?
2, 109
List the prime factors of (-26150)/(-11 - -6) + -3.
5227
Let g(b) = -5*b - 25. Let u be g(-7). Let i = 0 + 3. Let k = u - i. List the prime factors of k.
7
Let u(o) be the first derivative of 11*o**2/2 + 4*o - 12. List the prime factors of u(4).
2, 3
Let g(m) = -m**2 + 14*m + 8. Let n be g(14). Let v be (-4)/n*0/(-6). What are the prime factors of 70 - (v + -2 + 4)?
2, 17
Let a(b) = 13*b + 4. Let o(w) = -26*w - 8. Let t(d) = 5*a(d) + 3*o(d). What are the prime factors of t(-7)?
3, 29
Let h = -60 + 65. Suppose -h*f = -2*f - 345. List the prime factors of f.
5, 23
Let d(y) = 46*y**2 - 6*y + 4. List the prime factors of d(3).
2, 5
Let d = 48 - 67. Suppose -6*o + 276 = -2*o. Let h = d + o. List the prime factors of h.
2, 5
Let v be ((-3)/3)/((-3)/(-3)). What are the prime factors of 558/36 + v/2?
3, 5
Let x = -3021 + 4495. List the prime factors of x.
2, 11, 67
Let x be ((-32)/6)/((-5)/(-15)). List the prime factors of 3/(36/x)*-6.
2
Suppose 3*g - 987 = 9231. List the prime factors of g.
2, 13, 131
Let s(n) = 2*n + 8. Let a be s(-5). What are the prime factors of (-78)/a + (4 - 1)?
2, 3, 7
Let o(a) = -a**3 + 5*a**2 + 8*a - 8. Let h be 3 - (-1)/(4/12). Let f be o(h). Let x = f - -2. What are the prime factors of x?
2, 3
Let f be 1/(-5)*-5 + 3782. Suppose 14*l - f = l. List the prime factors of l.
3, 97
Suppose 3*r = 4*g - 5812, -1659 = -g - 3*r - 206. List the prime factors of g.
1453
Let r(a) = a**2 - 8*a + 6. Let g be r(6). Let d = -34 + g. Let j = d - -58. What are the prime factors of j?
2, 3
Let y(o) = -171*o + 1114. List the prime factors of y(-18).
2, 131
Let b(z) = -z**3 - 2*z**2 + 10*z + 100. What are the prime factors of b(-9)?
577
Suppose 9093 = 12*p + 465. What are the prime factors of p?
719
Let s be 649 + 8/(-4) - (-1 + 0). Suppose -42*w + s = -36*w. List the prime factors of w.
2, 3
Let j(s) = -s**2 + 9*s + 138. Let h be j(-8). Let z(i) = -5*i + 5. Let k be z(-6). Suppose 0 = h*v - 3 - k. List the prime factors of v.
19
List the prime factors of (3754/(-8))/(30/(-240)).
2, 1877
Suppose -58468 = 69*j - 258982. What are the prime factors of j?
2, 1453
Suppose -5*q - 152 = 3*a, -52 = a + 3*q - 2*q. Let w = -22 - a. Suppose -3*d + 3*h + 71 = 5*h, 0 = -d + h + w. List the prime factors of d.
3
Let p(o) = -40*o**3 - 6*o**2 - 2*o + 1. What are the prime factors of p(-2)?
7, 43
Suppose 3*s + s - 43 = -3*q, -5*q + 65 = 5*s. List the prime factors of -4 - (q/4)/((-11)/792).
2, 79
Suppose 191952 = -144*s + 206*s. List the prime factors of s.
2, 3, 43
Let l(h) be the first derivative of 22*h**2 + 3*h - 332. Suppose -4*p - 4*d - 16 = -0*d, -5*d = -5*p + 30. List the prime factors of l(p).
47
Suppose 3*o = 5*o - 6. Let x(d) = -11*d - 2. Let b be x(o). What are the prime factors of (-4)/(-10) - 56/b?
2
Suppose 10*w + 114 = 8*w. Let f = -40 - w. List the prime factors of f.
17
Suppose -f + 2*f - 5 = 0. Let r = -5 + f. Suppose 0 = -r*h - 3*h + 63. List the prime factors of h.
3, 7
Suppose 6913 = -31*g + 60574. What are